nits digit of q?
5
Suppose 6 = 4*z + 2. Let y(m) = 13*m**2 - m. Let r be y(z). Let l = -11 + r. What is the units digit of l?
1
Let y(o) = -2*o + 17. Let f be y(7). Suppose f*q - 5*i - 38 = -0*q, 0 = -2*i + 4. What is the tens digit of q?
1
Suppose 8*n + 2*n = 90. Let v(m) = 14*m + 13. What is the hundreds digit of v(n)?
1
Suppose -5*h + 4*t + 185 = -t, 5*t - 55 = -h. Suppose -5*o + h = -3*o. What is the tens digit of 2 + 5/(o/208)?
5
Let v(u) = 2*u**3 + 2*u + 1. Let y be v(3). What is the tens digit of (y + (-3 - -3))*1?
6
Suppose -5*f - 5*d + 250 = -3*d, 245 = 5*f + 3*d. Suppose f*p + 800 = 56*p. What is the hundreds digit of p?
2
Let q(r) = 2*r**2 - 4*r - 6. Let x(b) = b**2 - b - 1. Let s(p) = -q(p) + 4*x(p). What is the tens digit of s(-3)?
2
Let w = 26 + 15. What is the units digit of -2*w/(-2) - -4?
5
Let l(k) = -65*k + 57. What is the hundreds digit of l(-7)?
5
Let l(a) = 3*a**3 + 4*a**2 + 2*a - 44. What is the units digit of l(5)?
1
Let w(l) = l**2 - 18*l - 47. Let g be w(19). What is the tens digit of (-14)/g + (-3)/(6/(-197))?
9
Let f = 333 + -499. Let u = f - -460. What is the units digit of u?
4
Let o = -16 + -5. Let a = o + 47. Let s = a + -7. What is the tens digit of s?
1
Suppose 5*p - p = -2*c + 2704, 0 = 2*p - 2*c - 1346. Suppose 2*x + p = 7*x. What is the tens digit of x?
3
Let s = -5 + -26. What is the tens digit of 9 + -8 + s/(-1)?
3
Let w(g) = -g**2 + 8*g - 7. Let a be w(5). Let n be a/(-2) - (-18)/2. Suppose 4*m - 190 = -n*q, 0*q - 145 = -5*q + 5*m. What is the tens digit of q?
3
Suppose 10*t - 4337 = 2093. What is the units digit of t?
3
Suppose 0 = 2*w + 9*c - 12*c - 8939, 0 = 2*c - 2. What is the tens digit of w?
7
Let m(p) be the third derivative of 1/12*p**4 + 0*p + 0 + 3*p**2 + 1/2*p**3. What is the units digit of m(10)?
3
Let u be ((-556)/5)/((-4)/30). Suppose 249 = -13*q + u. What is the units digit of q?
5
Let g(v) be the second derivative of 7*v**4/12 - 5*v**3/6 - v. Let i be g(-4). Suppose i = -0*x + 4*x. What is the tens digit of x?
3
Let x be (-15)/(-3) - (-13 - -15). Suppose -k + 174 = x*r, 0 = 3*k + r - 720 + 174. What is the units digit of k?
3
Let w be 33/12 - (-2)/8. Let c(g) be the second derivative of g**5/20 - g**3/2 - 2*g**2 - g. What is the units digit of c(w)?
4
What is the tens digit of (0 + -5)*22/(-220)*1598?
9
Let s(c) be the first derivative of c**2/2 + 10*c - 12. What is the units digit of s(-7)?
3
Suppose -w + 0*w = 4*t - 1566, -3156 = -2*w + 4*t. What is the units digit of w?
4
What is the tens digit of 3579 + (20 - 20)/(6/(-2))?
7
Let k be (-9410)/35 - (-4)/(-28). Let f = k - -403. What is the units digit of f?
4
Let i(m) = 9 + m**3 - 2*m**2 + 3*m - 6*m**2 + 3*m. What is the units digit of i(7)?
2
Suppose k - 105 = 231. What is the units digit of k?
6
Suppose 3*p + p = -3*v + 1261, 0 = 5*p - v - 1581. Suppose 516 = 5*x - r, -4*r - p = -3*x - 5*r. What is the tens digit of x?
0
What is the hundreds digit of ((-22)/(-6) + -4)*-513?
1
Suppose -3*d + 484 = -1076. Suppose -d = -5*i + 330. What is the tens digit of i?
7
What is the thousands digit of 5 + ((-6846)/(-70))/((-1)/(-15))?
1
What is the tens digit of 22*-6*(-30)/9?
4
Let l = 15 + 108. Suppose l = 4*b - 149. What is the units digit of b?
8
Let t be (-24)/(-84) - (-52)/14. Suppose t*d - 20 = -d. Suppose -d*i + 6*i = 28. What is the units digit of i?
4
Let o = -11 + 12. Let k be (-18)/27*3/2. What is the units digit of 7 + k - (o + 2)?
3
Let n(s) = 318*s + 23. What is the hundreds digit of n(2)?
6
Let d(u) = -2*u**2 - u + 1. Let r be d(-5). Let p = r + 110. What is the tens digit of p?
6
Let f = -616 - -1255. What is the units digit of f?
9
Suppose -4*o = -5*u + 24, 2*u = 2*o + 4*u + 30. Let h = o + 16. What is the units digit of (-2)/8*(1 - h)?
1
Suppose -f - 2*v - v = -69, -5*v + 269 = 4*f. Suppose 3*k - 114 = -2*u - 27, u - 3*k - f = 0. Suppose -4*a + a = -u. What is the units digit of a?
7
Suppose -3*f - 4*y = 9, 5*f - 4*f - y - 4 = 0. What is the tens digit of -688*5/(-10)*f?
4
Suppose 0 = -3*j + 1369 + 8981. What is the thousands digit of j?
3
Suppose 9*j + 77 = 563. Let i = j + -7. What is the units digit of i?
7
Let l = 62 + -90. Let r = l + 176. What is the units digit of r?
8
Suppose -6*i = -2*g - i + 381, 5*i = g - 203. What is the hundreds digit of 1*(7 + -2 + -4) + g?
1
Let r(q) = 2*q**3 - 23*q**2 + 33*q + 39. What is the thousands digit of r(16)?
2
Let g = -110 - -97. Let k(v) = -v**3 - 13*v**2 - 11*v - 11. What is the units digit of k(g)?
2
Suppose 2723 = 4*c - j, 2*c + 2*j = -3*j + 1389. What is the hundreds digit of c?
6
Let m be (39/26)/((-1)/(-2)). Let d = m - 0. Suppose d*a - g - 34 = 0, -4*a - 2*g + 58 = 3*g. What is the units digit of a?
2
Suppose -2*t + 12 = -t. Let r = t + -5. Suppose 3*g = 3*v + 3, -2*v + 0*g + r = g. What is the units digit of v?
2
Let h(x) = -x**3 - 6*x**2 + x - 5. Let r be h(-6). Let y(q) = -q**3 - 12*q**2 - 8*q - 9. Let d be y(r). What is the tens digit of (-4)/2 - d/2?
1
Suppose m - 6520 = 3*o, 2*o - m + 4336 = -3*m. Let w = o - -1328. What is the tens digit of w/(-30) - (-18)/(-135)?
2
Suppose -24030 = -89*d + 71*d. What is the units digit of d?
5
Suppose 5*s = -4*y + 863, 5*s = y - 426 + 1304. What is the units digit of s?
5
Let g = 2770 - 1614. What is the hundreds digit of g?
1
Suppose 261701 = 76*x - 19271. What is the units digit of x?
7
Suppose 33*z + 160 = 35*z. What is the units digit of z?
0
Suppose 5*m = 5*a + 807 + 188, 2*a - 1030 = -5*m. What is the hundreds digit of m?
2
What is the units digit of 1/(-2)*(-1173 + -67)?
0
Let u = 10 - 7. Let f be -38*(4/(-6))/((-4)/(-9)). Suppose -2*g = -f + u. What is the tens digit of g?
2
Suppose 5*j + 2568 - 18952 = -a, -a = -j + 3278. What is the hundreds digit of j?
2
Suppose 2*w + 14 = 2*b - 0, -4*w + 17 = 5*b. Let y be 2 - b - 19 - -3. What is the tens digit of 4*y*1/(-4)?
1
Suppose 2 - 26 = 4*d. Let c(n) = -45540*n**2 + 5 + 6 + n**3 + n + 45546*n**2. What is the units digit of c(d)?
5
Let h(c) be the third derivative of c**4/24 + 6*c**3 - 4*c**2. What is the units digit of h(-8)?
8
Suppose 0 = -33*p + 29*p + 60. What is the units digit of p?
5
Suppose 28 = 4*d + 2*m, 4*d + m = 6*m. Let p = -9 - -13. Suppose -p*n + r - d*r = -120, 2*n + 4*r - 58 = 0. What is the units digit of n?
1
Let g(d) = 12*d + 8*d**2 - 12*d. Let q be g(3). Suppose -a - q = -5*a. What is the tens digit of a?
1
Suppose -3*c - 4 = 4*n, 5*n + 7 = c - 17. Suppose c*t + 296 = 3*u + 1101, 2*u + 402 = 2*t. What is the tens digit of t?
0
Let n be ((-2)/(-4))/(4/32). Suppose -4*s + 26 = 6. Suppose -y - 4*w = 3, -s*w - n = 3*y - 16. What is the units digit of y?
9
Let j = -22 - -24. Suppose -2*v + 128 = j*k, v + 3*k = 92 - 18. What is the tens digit of v?
5
Let u(f) be the first derivative of 52*f**3/3 - f + 30. What is the units digit of u(-1)?
1
Suppose 0 = -r - 3*q + 117 + 207, -3*r + 948 = -3*q. Suppose -3*k + r = -174. What is the hundreds digit of k?
1
Let y(c) be the second derivative of -c**5/20 + 5*c**4/12 + 8*c**3/3 + 3*c**2 + 32*c. What is the tens digit of y(7)?
2
Let k(f) = f + 3. Let j be k(-6). What is the units digit of 6 - (-1)/(1/j)?
3
Let o(b) = -b**2 + 14*b - 9. What is the units digit of o(10)?
1
Let d(m) = -10 - 5*m + 2*m + 8*m + 7*m**2 - 4*m. What is the tens digit of d(-3)?
5
Let k = 32 - 19. Let p = 10 - k. What is the units digit of p - -1 - (-20 + 10)?
8
Let u = 5063 - 3141. What is the units digit of u?
2
What is the hundreds digit of -1 + (-15)/(-21) + 11562/42?
2
Let j be (6 + -6)/(4 - 2). Let p be 0/3 - j/(-3). Suppose p = -2*v - 7 + 83. What is the units digit of v?
8
Let k = -1099 + 1893. What is the tens digit of k?
9
Let y(b) = 2*b**2 - 11*b - 12. Let q be y(9). Let w = q + 10. What is the tens digit of w?
6
Suppose 0 = 5*l - 4*m + 74, -4*l - 4*m = -5*m + 57. Let q = l - -13. What is the tens digit of 42/(-4)*q*2?
2
Let i(n) = 9*n**2 + 9*n + 6. What is the units digit of i(-6)?
6
Let m(a) = -a + 14. Let t(b) = 2*b - 14. Let y(q) = 6*m(q) + 5*t(q). What is the units digit of y(19)?
0
Let j = 19 - 4. Suppose -3132 = 4*o - x - 3*x, -j = 3*x. What is the units digit of (-4)/10 + o/(-20)?
9
Suppose -52*c + 57719 = -34633. What is the thousands digit of c?
1
What is the tens digit of (-2)/(-10) + 22308/260?
8
Let a(w) = w - 2. Suppose -4*d + 